{"id":15279,"date":"2025-03-02T22:55:53","date_gmt":"2025-03-02T15:55:53","guid":{"rendered":"https:\/\/benhviendaihocyhaiduong.com\/?page_id=15279"},"modified":"2025-03-02T22:57:29","modified_gmt":"2025-03-02T15:57:29","slug":"dieu-tri-noi-tru","status":"publish","type":"page","link":"https:\/\/benhviendaihocyhaiduong.com\/?page_id=15279","title":{"rendered":"\u0110i\u00ea\u0300u tri\u0323 n\u00f4\u0323i tru\u0301"},"content":{"rendered":"<p style=\"text-align: justify;\"><span style=\"color: #000000; font-family: tahoma, arial, helvetica, sans-serif;\">\u00a0 \u00a0 \u00a0Khi c\u00f3 ch\u1ec9 \u0111\u1ecbnh nh\u1eadp vi\u1ec7n \u0111i\u1ec1u tr\u1ecb n\u1ed9i tr\u00fa, kh\u00e1ch h\u00e0ng s\u1ebd \u0111\u01b0\u1ee3c t\u01b0 v\u1ea5n h\u01b0\u1edbng \u0111i\u00ea\u0300u tri\u0323, h\u01b0\u01a1\u0301ng d\u1eabn ca\u0301c thu\u0309 tu\u0323c nh\u00e2\u0323p vi\u00ea\u0323n theo quy tri\u0300nh ta\u0323i b\u00ea\u0323nh vi\u00ea\u0323n.<\/span><\/p>\n<p style=\"text-align: justify;\"><span style=\"color: #000000; font-family: tahoma, arial, helvetica, sans-serif;\">\u00a0 \u00a0 \u00a0V\u1edbi h\u1ec7 th\u1ed1ng ph\u00f2ng b\u1ec7nh ti\u1ec7n nghi v\u00e0 s\u1ea1ch s\u1ebd c\u00f9ng c\u00e1c d\u1ecbch v\u1ee5 y t\u1ebf ch\u0103m s\u00f3c b\u1ec7nh nh\u00e2n to\u00e0n di\u1ec7n v\u00e0 chu \u0111\u00e1o, \u0111\u1ea3m b\u1ea3o mang l\u1ea1i s\u1ef1 h\u00e0i l\u00f2ng v\u00e0 tho\u1ea3i m\u00e1i cho b\u1ec7nh nh\u00e2n v\u00e0 ng\u01b0\u1eddi th\u00e2n &#8230;<\/span><\/p>\n<p style=\"text-align: justify;\"><span style=\"color: #000000; font-family: tahoma, arial, helvetica, sans-serif;\">\u00a0 \u00a0 \u00a0Quy\u0301 kha\u0301ch co\u0301 kho\u0301 kh\u0103n na\u0300o xin vui lo\u0300ng li\u00ean h\u00ea\u0323 s\u00f4\u0301 \u0111i\u00ea\u0323n thoa\u0323i hotline \u00a0<a style=\"color: #000000;\" href=\"tel:%200972631438\">0972.631.438<\/a> \u0111\u00ea\u0309 \u0111\u01b0\u01a1\u0323c gia\u0309i \u0111a\u0301p<\/span><\/p>\n<p style=\"text-align: justify;\">\n","protected":false},"excerpt":{"rendered":"<p>\u00a0 \u00a0 \u00a0Khi c\u00f3 ch\u1ec9 \u0111\u1ecbnh nh\u1eadp vi\u1ec7n \u0111i\u1ec1u tr\u1ecb n\u1ed9i tr\u00fa, kh\u00e1ch h\u00e0ng s\u1ebd \u0111\u01b0\u1ee3c t\u01b0 v\u1ea5n h\u01b0\u1edbng \u0111i\u00ea\u0300u tri\u0323, h\u01b0\u01a1\u0301ng d\u1eabn ca\u0301c thu\u0309 tu\u0323c nh\u00e2\u0323p vi\u00ea\u0323n theo quy tri\u0300nh ta\u0323i b\u00ea\u0323nh vi\u00ea\u0323n. \u00a0 \u00a0 \u00a0V\u1edbi h\u1ec7 th\u1ed1ng ph\u00f2ng b\u1ec7nh ti\u1ec7n nghi v\u00e0 s\u1ea1ch s\u1ebd c\u00f9ng c\u00e1c d\u1ecbch v\u1ee5 y t\u1ebf ch\u0103m s\u00f3c b\u1ec7nh[Xem ti\u00ea\u0301p&#8230;]\n","protected":false},"author":1,"featured_media":0,"parent":0,"menu_order":0,"comment_status":"closed","ping_status":"closed","template":"","meta":{"footnotes":""},"class_list":["post-15279","page","type-page","status-publish","hentry"],"yoast_head":"<!-- This site is optimized with the Yoast SEO plugin v27.2 - https:\/\/yoast.com\/product\/yoast-seo-wordpress\/ -->\n<title>\u0110i\u00ea\u0300u tri\u0323 n\u00f4\u0323i tru\u0301 - B\u00ea\u0323nh vi\u00ea\u0323n Tr\u01b0\u01a1\u0300ng \u0110a\u0323i ho\u0323c Ky\u0303 thu\u00e2\u0323t Y t\u00ea\u0301 Ha\u0309i D\u01b0\u01a1ng<\/title>\n<meta name=\"robots\" content=\"index, follow, max-snippet:-1, max-image-preview:large, max-video-preview:-1\" \/>\n<link rel=\"canonical\" href=\"https:\/\/benhviendaihocyhaiduong.com\/?page_id=15279\" \/>\n<meta property=\"og:locale\" content=\"vi_VN\" \/>\n<meta property=\"og:type\" content=\"article\" \/>\n<meta property=\"og:title\" content=\"\u0110i\u00ea\u0300u tri\u0323 n\u00f4\u0323i tru\u0301 - B\u00ea\u0323nh vi\u00ea\u0323n Tr\u01b0\u01a1\u0300ng \u0110a\u0323i ho\u0323c Ky\u0303 thu\u00e2\u0323t Y t\u00ea\u0301 Ha\u0309i D\u01b0\u01a1ng\" \/>\n<meta property=\"og:description\" content=\"\u00a0 \u00a0 \u00a0Khi c\u00f3 ch\u1ec9 \u0111\u1ecbnh nh\u1eadp vi\u1ec7n \u0111i\u1ec1u tr\u1ecb n\u1ed9i tr\u00fa, kh\u00e1ch h\u00e0ng s\u1ebd \u0111\u01b0\u1ee3c t\u01b0 v\u1ea5n h\u01b0\u1edbng \u0111i\u00ea\u0300u tri\u0323, h\u01b0\u01a1\u0301ng d\u1eabn ca\u0301c thu\u0309 tu\u0323c nh\u00e2\u0323p vi\u00ea\u0323n theo quy tri\u0300nh ta\u0323i b\u00ea\u0323nh vi\u00ea\u0323n. \u00a0 \u00a0 \u00a0V\u1edbi h\u1ec7 th\u1ed1ng ph\u00f2ng b\u1ec7nh ti\u1ec7n nghi v\u00e0 s\u1ea1ch s\u1ebd c\u00f9ng c\u00e1c d\u1ecbch v\u1ee5 y t\u1ebf ch\u0103m s\u00f3c b\u1ec7nh[Xem ti\u00ea\u0301p...]\" \/>\n<meta property=\"og:url\" content=\"https:\/\/benhviendaihocyhaiduong.com\/?page_id=15279\" \/>\n<meta property=\"og:site_name\" content=\"B\u00ea\u0323nh vi\u00ea\u0323n Tr\u01b0\u01a1\u0300ng \u0110a\u0323i ho\u0323c Ky\u0303 thu\u00e2\u0323t Y t\u00ea\u0301 Ha\u0309i D\u01b0\u01a1ng\" \/>\n<meta property=\"article:publisher\" content=\"https:\/\/www.facebook.com\/HMTUP\/\" \/>\n<meta property=\"article:modified_time\" content=\"2025-03-02T15:57:29+00:00\" \/>\n<meta name=\"twitter:card\" content=\"summary_large_image\" \/>\n<meta name=\"twitter:label1\" content=\"\u01af\u1edbc t\u00ednh th\u1eddi gian \u0111\u1ecdc\" \/>\n\t<meta name=\"twitter:data1\" content=\"1 ph\u00fat\" \/>\n<script type=\"application\/ld+json\" class=\"yoast-schema-graph\">{\"@context\":\"https:\/\/schema.org\",\"@graph\":[{\"@type\":\"WebPage\",\"@id\":\"https:\/\/benhviendaihocyhaiduong.com\/?page_id=15279\",\"url\":\"https:\/\/benhviendaihocyhaiduong.com\/?page_id=15279\",\"name\":\"\u0110i\u00ea\u0300u tri\u0323 n\u00f4\u0323i tru\u0301 - B\u00ea\u0323nh vi\u00ea\u0323n Tr\u01b0\u01a1\u0300ng \u0110a\u0323i ho\u0323c Ky\u0303 thu\u00e2\u0323t Y t\u00ea\u0301 Ha\u0309i D\u01b0\u01a1ng\",\"isPartOf\":{\"@id\":\"https:\/\/benhviendaihocyhaiduong.com\/#website\"},\"datePublished\":\"2025-03-02T15:55:53+00:00\",\"dateModified\":\"2025-03-02T15:57:29+00:00\",\"breadcrumb\":{\"@id\":\"https:\/\/benhviendaihocyhaiduong.com\/?page_id=15279#breadcrumb\"},\"inLanguage\":\"vi\",\"potentialAction\":[{\"@type\":\"ReadAction\",\"target\":[\"https:\/\/benhviendaihocyhaiduong.com\/?page_id=15279\"]}]},{\"@type\":\"BreadcrumbList\",\"@id\":\"https:\/\/benhviendaihocyhaiduong.com\/?page_id=15279#breadcrumb\",\"itemListElement\":[{\"@type\":\"ListItem\",\"position\":1,\"name\":\"Trang ch\u1ee7\",\"item\":\"https:\/\/benhviendaihocyhaiduong.com\/\"},{\"@type\":\"ListItem\",\"position\":2,\"name\":\"\u0110i\u00ea\u0300u tri\u0323 n\u00f4\u0323i tru\u0301\"}]},{\"@type\":\"WebSite\",\"@id\":\"https:\/\/benhviendaihocyhaiduong.com\/#website\",\"url\":\"https:\/\/benhviendaihocyhaiduong.com\/\",\"name\":\"B\u00ea\u0323nh vi\u00ea\u0323n Tr\u01b0\u01a1\u0300ng \u0110a\u0323i ho\u0323c Ky\u0303 thu\u00e2\u0323t Y t\u00ea\u0301 Ha\u0309i D\u01b0\u01a1ng\",\"description\":\"T\u00e2m \u0111\u01b0\u0301c sa\u0301ng - Ky\u0303 thu\u00e2\u0323t cao, b\u00ea\u0323nh vi\u00ea\u0323n \u0111a\u0323i ho\u0323c y ha\u0309i d\u01b0\u01a1ng\",\"publisher\":{\"@id\":\"https:\/\/benhviendaihocyhaiduong.com\/#organization\"},\"potentialAction\":[{\"@type\":\"SearchAction\",\"target\":{\"@type\":\"EntryPoint\",\"urlTemplate\":\"https:\/\/benhviendaihocyhaiduong.com\/?s={search_term_string}\"},\"query-input\":{\"@type\":\"PropertyValueSpecification\",\"valueRequired\":true,\"valueName\":\"search_term_string\"}}],\"inLanguage\":\"vi\"},{\"@type\":\"Organization\",\"@id\":\"https:\/\/benhviendaihocyhaiduong.com\/#organization\",\"name\":\"B\u00ea\u0323nh vi\u00ea\u0323n Tr\u01b0\u01a1\u0300ng \u0110a\u0323i ho\u0323c Ky\u0303 thu\u00e2\u0323t Y t\u00ea\u0301 Ha\u0309i D\u01b0\u01a1ng\",\"url\":\"https:\/\/benhviendaihocyhaiduong.com\/\",\"logo\":{\"@type\":\"ImageObject\",\"inLanguage\":\"vi\",\"@id\":\"https:\/\/benhviendaihocyhaiduong.com\/#\/schema\/logo\/image\/\",\"url\":\"https:\/\/benhviendaihocyhaiduong.com\/wp-content\/uploads\/2023\/05\/logo-hmtu-1.jpg\",\"contentUrl\":\"https:\/\/benhviendaihocyhaiduong.com\/wp-content\/uploads\/2023\/05\/logo-hmtu-1.jpg\",\"width\":224,\"height\":225,\"caption\":\"B\u00ea\u0323nh vi\u00ea\u0323n Tr\u01b0\u01a1\u0300ng \u0110a\u0323i ho\u0323c Ky\u0303 thu\u00e2\u0323t Y t\u00ea\u0301 Ha\u0309i D\u01b0\u01a1ng\"},\"image\":{\"@id\":\"https:\/\/benhviendaihocyhaiduong.com\/#\/schema\/logo\/image\/\"},\"sameAs\":[\"https:\/\/www.facebook.com\/HMTUP\/\"]}]}<\/script>\n<!-- \/ Yoast SEO plugin. -->","yoast_head_json":{"title":"\u0110i\u00ea\u0300u tri\u0323 n\u00f4\u0323i tru\u0301 - B\u00ea\u0323nh vi\u00ea\u0323n Tr\u01b0\u01a1\u0300ng \u0110a\u0323i ho\u0323c Ky\u0303 thu\u00e2\u0323t Y t\u00ea\u0301 Ha\u0309i D\u01b0\u01a1ng","robots":{"index":"index","follow":"follow","max-snippet":"max-snippet:-1","max-image-preview":"max-image-preview:large","max-video-preview":"max-video-preview:-1"},"canonical":"https:\/\/benhviendaihocyhaiduong.com\/?page_id=15279","og_locale":"vi_VN","og_type":"article","og_title":"\u0110i\u00ea\u0300u tri\u0323 n\u00f4\u0323i tru\u0301 - B\u00ea\u0323nh vi\u00ea\u0323n Tr\u01b0\u01a1\u0300ng \u0110a\u0323i ho\u0323c Ky\u0303 thu\u00e2\u0323t Y t\u00ea\u0301 Ha\u0309i D\u01b0\u01a1ng","og_description":"\u00a0 \u00a0 \u00a0Khi c\u00f3 ch\u1ec9 \u0111\u1ecbnh nh\u1eadp vi\u1ec7n \u0111i\u1ec1u tr\u1ecb n\u1ed9i tr\u00fa, kh\u00e1ch h\u00e0ng s\u1ebd \u0111\u01b0\u1ee3c t\u01b0 v\u1ea5n h\u01b0\u1edbng \u0111i\u00ea\u0300u tri\u0323, h\u01b0\u01a1\u0301ng d\u1eabn ca\u0301c thu\u0309 tu\u0323c nh\u00e2\u0323p vi\u00ea\u0323n theo quy tri\u0300nh ta\u0323i b\u00ea\u0323nh vi\u00ea\u0323n. \u00a0 \u00a0 \u00a0V\u1edbi h\u1ec7 th\u1ed1ng ph\u00f2ng b\u1ec7nh ti\u1ec7n nghi v\u00e0 s\u1ea1ch s\u1ebd c\u00f9ng c\u00e1c d\u1ecbch v\u1ee5 y t\u1ebf ch\u0103m s\u00f3c b\u1ec7nh[Xem ti\u00ea\u0301p...]","og_url":"https:\/\/benhviendaihocyhaiduong.com\/?page_id=15279","og_site_name":"B\u00ea\u0323nh vi\u00ea\u0323n Tr\u01b0\u01a1\u0300ng \u0110a\u0323i ho\u0323c Ky\u0303 thu\u00e2\u0323t Y t\u00ea\u0301 Ha\u0309i D\u01b0\u01a1ng","article_publisher":"https:\/\/www.facebook.com\/HMTUP\/","article_modified_time":"2025-03-02T15:57:29+00:00","twitter_card":"summary_large_image","twitter_misc":{"\u01af\u1edbc t\u00ednh th\u1eddi gian \u0111\u1ecdc":"1 ph\u00fat"},"schema":{"@context":"https:\/\/schema.org","@graph":[{"@type":"WebPage","@id":"https:\/\/benhviendaihocyhaiduong.com\/?page_id=15279","url":"https:\/\/benhviendaihocyhaiduong.com\/?page_id=15279","name":"\u0110i\u00ea\u0300u tri\u0323 n\u00f4\u0323i tru\u0301 - B\u00ea\u0323nh vi\u00ea\u0323n Tr\u01b0\u01a1\u0300ng \u0110a\u0323i ho\u0323c Ky\u0303 thu\u00e2\u0323t Y t\u00ea\u0301 Ha\u0309i D\u01b0\u01a1ng","isPartOf":{"@id":"https:\/\/benhviendaihocyhaiduong.com\/#website"},"datePublished":"2025-03-02T15:55:53+00:00","dateModified":"2025-03-02T15:57:29+00:00","breadcrumb":{"@id":"https:\/\/benhviendaihocyhaiduong.com\/?page_id=15279#breadcrumb"},"inLanguage":"vi","potentialAction":[{"@type":"ReadAction","target":["https:\/\/benhviendaihocyhaiduong.com\/?page_id=15279"]}]},{"@type":"BreadcrumbList","@id":"https:\/\/benhviendaihocyhaiduong.com\/?page_id=15279#breadcrumb","itemListElement":[{"@type":"ListItem","position":1,"name":"Trang ch\u1ee7","item":"https:\/\/benhviendaihocyhaiduong.com\/"},{"@type":"ListItem","position":2,"name":"\u0110i\u00ea\u0300u tri\u0323 n\u00f4\u0323i tru\u0301"}]},{"@type":"WebSite","@id":"https:\/\/benhviendaihocyhaiduong.com\/#website","url":"https:\/\/benhviendaihocyhaiduong.com\/","name":"B\u00ea\u0323nh vi\u00ea\u0323n Tr\u01b0\u01a1\u0300ng \u0110a\u0323i ho\u0323c Ky\u0303 thu\u00e2\u0323t Y t\u00ea\u0301 Ha\u0309i D\u01b0\u01a1ng","description":"T\u00e2m \u0111\u01b0\u0301c sa\u0301ng - Ky\u0303 thu\u00e2\u0323t cao, b\u00ea\u0323nh vi\u00ea\u0323n \u0111a\u0323i ho\u0323c y ha\u0309i d\u01b0\u01a1ng","publisher":{"@id":"https:\/\/benhviendaihocyhaiduong.com\/#organization"},"potentialAction":[{"@type":"SearchAction","target":{"@type":"EntryPoint","urlTemplate":"https:\/\/benhviendaihocyhaiduong.com\/?s={search_term_string}"},"query-input":{"@type":"PropertyValueSpecification","valueRequired":true,"valueName":"search_term_string"}}],"inLanguage":"vi"},{"@type":"Organization","@id":"https:\/\/benhviendaihocyhaiduong.com\/#organization","name":"B\u00ea\u0323nh vi\u00ea\u0323n Tr\u01b0\u01a1\u0300ng \u0110a\u0323i ho\u0323c Ky\u0303 thu\u00e2\u0323t Y t\u00ea\u0301 Ha\u0309i D\u01b0\u01a1ng","url":"https:\/\/benhviendaihocyhaiduong.com\/","logo":{"@type":"ImageObject","inLanguage":"vi","@id":"https:\/\/benhviendaihocyhaiduong.com\/#\/schema\/logo\/image\/","url":"https:\/\/benhviendaihocyhaiduong.com\/wp-content\/uploads\/2023\/05\/logo-hmtu-1.jpg","contentUrl":"https:\/\/benhviendaihocyhaiduong.com\/wp-content\/uploads\/2023\/05\/logo-hmtu-1.jpg","width":224,"height":225,"caption":"B\u00ea\u0323nh vi\u00ea\u0323n Tr\u01b0\u01a1\u0300ng \u0110a\u0323i ho\u0323c Ky\u0303 thu\u00e2\u0323t Y t\u00ea\u0301 Ha\u0309i D\u01b0\u01a1ng"},"image":{"@id":"https:\/\/benhviendaihocyhaiduong.com\/#\/schema\/logo\/image\/"},"sameAs":["https:\/\/www.facebook.com\/HMTUP\/"]}]}},"_links":{"self":[{"href":"https:\/\/benhviendaihocyhaiduong.com\/index.php?rest_route=\/wp\/v2\/pages\/15279","targetHints":{"allow":["GET"]}}],"collection":[{"href":"https:\/\/benhviendaihocyhaiduong.com\/index.php?rest_route=\/wp\/v2\/pages"}],"about":[{"href":"https:\/\/benhviendaihocyhaiduong.com\/index.php?rest_route=\/wp\/v2\/types\/page"}],"author":[{"embeddable":true,"href":"https:\/\/benhviendaihocyhaiduong.com\/index.php?rest_route=\/wp\/v2\/users\/1"}],"replies":[{"embeddable":true,"href":"https:\/\/benhviendaihocyhaiduong.com\/index.php?rest_route=%2Fwp%2Fv2%2Fcomments&post=15279"}],"version-history":[{"count":2,"href":"https:\/\/benhviendaihocyhaiduong.com\/index.php?rest_route=\/wp\/v2\/pages\/15279\/revisions"}],"predecessor-version":[{"id":15282,"href":"https:\/\/benhviendaihocyhaiduong.com\/index.php?rest_route=\/wp\/v2\/pages\/15279\/revisions\/15282"}],"wp:attachment":[{"href":"https:\/\/benhviendaihocyhaiduong.com\/index.php?rest_route=%2Fwp%2Fv2%2Fmedia&parent=15279"}],"curies":[{"name":"wp","href":"https:\/\/api.w.org\/{rel}","templated":true}]}}