{"id":2503,"date":"2023-05-25T10:04:48","date_gmt":"2023-05-25T10:04:48","guid":{"rendered":"https:\/\/luulyshop.com\/?page_id=2503"},"modified":"2023-06-22T08:43:08","modified_gmt":"2023-06-22T08:43:08","slug":"co-cau-to%cc%89-chuc","status":"publish","type":"page","link":"https:\/\/benhviendaihocyhaiduong.com\/?page_id=2503","title":{"rendered":"C\u01a1 c\u00e2\u0301u t\u00f4\u0309 ch\u01b0\u0301c"},"content":{"rendered":"\t\t<div data-elementor-type=\"wp-page\" data-elementor-id=\"2503\" class=\"elementor elementor-2503\" data-elementor-post-type=\"page\">\n\t\t\t\t\t\t<section data-particle_enable=\"false\" data-particle-mobile-disabled=\"false\" class=\"elementor-section elementor-top-section elementor-element elementor-element-8fe93ad elementor-section-boxed elementor-section-height-default elementor-section-height-default\" data-id=\"8fe93ad\" data-element_type=\"section\" data-e-type=\"section\">\n\t\t\t\t\t\t<div class=\"elementor-container elementor-column-gap-default\">\n\t\t\t\t\t<div class=\"elementor-column elementor-col-100 elementor-top-column elementor-element elementor-element-068130d\" data-id=\"068130d\" data-element_type=\"column\" data-e-type=\"column\">\n\t\t\t<div class=\"elementor-widget-wrap elementor-element-populated\">\n\t\t\t\t\t\t<div class=\"elementor-element elementor-element-b5e17ee elementor-widget-divider--view-line_text elementor-widget-divider--element-align-center elementor-widget elementor-widget-divider\" data-id=\"b5e17ee\" data-element_type=\"widget\" data-e-type=\"widget\" data-widget_type=\"divider.default\">\n\t\t\t\t<div class=\"elementor-widget-container\">\n\t\t\t\t\t\t\t<div class=\"elementor-divider\">\n\t\t\t<span class=\"elementor-divider-separator\">\n\t\t\t\t\t\t\t<span class=\"elementor-divider__text elementor-divider__element\">\n\t\t\t\tC\u01a0 C\u00c2\u0301U T\u00d4\u0309 CH\u01af\u0301C\t\t\t\t<\/span>\n\t\t\t\t\t\t<\/span>\n\t\t<\/div>\n\t\t\t\t\t\t<\/div>\n\t\t\t\t<\/div>\n\t\t\t\t\t<\/div>\n\t\t<\/div>\n\t\t\t\t\t<\/div>\n\t\t<\/section>\n\t\t\t\t<section data-particle_enable=\"false\" data-particle-mobile-disabled=\"false\" class=\"elementor-section elementor-top-section elementor-element elementor-element-2490ca1 elementor-section-boxed elementor-section-height-default elementor-section-height-default\" data-id=\"2490ca1\" data-element_type=\"section\" data-e-type=\"section\">\n\t\t\t\t\t\t<div class=\"elementor-container elementor-column-gap-default\">\n\t\t\t\t\t<div class=\"elementor-column elementor-col-50 elementor-top-column elementor-element elementor-element-7b66a15\" data-id=\"7b66a15\" data-element_type=\"column\" data-e-type=\"column\">\n\t\t\t<div class=\"elementor-widget-wrap elementor-element-populated\">\n\t\t\t\t\t\t<div class=\"elementor-element elementor-element-69b93cc elementor-widget elementor-widget-text-editor\" data-id=\"69b93cc\" data-element_type=\"widget\" data-e-type=\"widget\" data-widget_type=\"text-editor.default\">\n\t\t\t\t<div class=\"elementor-widget-container\">\n\t\t\t\t\t\t\t\t\t<p><span style=\"color: #000000;\"><strong>Ban <\/strong><strong>G<\/strong><strong>i\u00e1m \u0111\u1ed1c<\/strong><\/span><\/p><p><span style=\"color: #000000;\"><strong>C\u00e1c <\/strong><strong>H\u1ed9i \u0111\u1ed3ng <\/strong><strong>trong B\u1ec7nh vi\u1ec7n<\/strong><\/span><\/p><ul><li><span style=\"color: #000000;\">H\u1ed9i \u0111\u1ed3ng Qu\u1ea3n l\u00fd B\u1ec7nh vi\u1ec7n;<\/span><\/li><li><span style=\"color: #000000;\">H\u1ed9i \u0111\u1ed3ng Khoa h\u1ecdc &#8211; C\u00f4ng ngh\u1ec7;<\/span><\/li><li><span style=\"color: #000000;\">H\u1ed9i \u0111\u1ed3ng Thu\u1ed1c v\u00e0 \u0110i\u1ec1u tr\u1ecb;<\/span><\/li><li><span style=\"color: #000000;\">H\u1ed9i \u0111\u1ed3ng Chuy\u00ean m\u00f4n &#8211; K\u1ef9 thu\u1eadt;<\/span><\/li><li style=\"text-align: justify;\"><span style=\"color: #000000;\">H\u1ed9i \u0111\u1ed3ng Thi \u0111ua khen th\u01b0\u1edfng, k\u1ef7 lu\u1eadt;<\/span><\/li><li><span style=\"color: #000000;\">H\u1ed9i \u0111\u1ed3ng \u0110i\u1ec1u d\u01b0\u1ee1ng;<\/span><\/li><li><span style=\"color: #000000;\">H\u1ed9i \u0111\u1ed3ng Ki\u1ec3m so\u00e1t nhi\u1ec5m khu\u1ea9n<\/span><\/li><\/ul><p><span style=\"color: #000000;\"><strong>Ph\u00f2ng ch\u1ee9c n\u0103ng:<\/strong><\/span><\/p><ul><li><span style=\"color: #000000;\">Ph\u00f2ng K\u1ebf ho\u1ea1ch t\u1ed5ng h\u1ee3p<\/span><\/li><li><span style=\"color: #000000;\">Ph\u00f2ng T\u1ed5 ch\u1ee9c &#8211; H\u00e0nh ch\u00ednh<\/span><\/li><li><span style=\"color: #000000;\">Ph\u00f2ng T\u00e0i ch\u00ednh &#8211; K\u1ebf to\u00e1n<\/span><\/li><li><span style=\"color: #000000;\">Ph\u00f2ng \u0110i\u1ec1u d\u01b0\u1ee1ng<\/span><\/li><li><span style=\"color: #000000;\">Ph\u00f2ng C\u00f4ng t\u00e1c x\u00e3 h\u1ed9i<\/span><\/li><\/ul>\t\t\t\t\t\t\t\t<\/div>\n\t\t\t\t<\/div>\n\t\t\t\t\t<\/div>\n\t\t<\/div>\n\t\t\t\t<div class=\"elementor-column elementor-col-50 elementor-top-column elementor-element elementor-element-f5a71d5\" data-id=\"f5a71d5\" data-element_type=\"column\" data-e-type=\"column\">\n\t\t\t<div class=\"elementor-widget-wrap elementor-element-populated\">\n\t\t\t\t\t\t<div class=\"elementor-element elementor-element-07e358d elementor-widget elementor-widget-text-editor\" data-id=\"07e358d\" data-element_type=\"widget\" data-e-type=\"widget\" data-widget_type=\"text-editor.default\">\n\t\t\t\t<div class=\"elementor-widget-container\">\n\t\t\t\t\t\t\t\t\t<p><span style=\"color: #000000;\"><strong>Khoa l\u00e2m s\u00e0ng:<\/strong><\/span><\/p><ul><li><span style=\"color: #000000;\">Khoa Kh\u00e1m b\u1ec7nh<\/span><\/li><li><span style=\"color: #000000;\">Khoa N\u1ed9i T\u1ed5ng h\u1ee3p &#8211; C\u1ea5p c\u1ee9u<\/span><\/li><li><span style=\"color: #000000;\">Khoa Ngo\u1ea1i t\u1ed5ng h\u1ee3p:<\/span><\/li><li><span style=\"color: #000000;\">Khoa Li\u00ean chuy\u00ean khoa (Tai m\u0169i h\u1ecdng, M\u1eaft, Da li\u1ec5u,\u2026.)<\/span><\/li><li><span style=\"color: #000000;\">Khoa R\u0103ng &#8211; H\u00e0m &#8211; M\u1eb7t<\/span><\/li><li><span style=\"color: #000000;\">Khoa Ph\u1ee5c h\u1ed3i ch\u1ee9c n\u0103ng<\/span><\/li><li><span style=\"color: #000000;\">Khoa G\u00e2y m\u00ea h\u1ed3i s\u1ee9c<\/span><\/li><li><span style=\"color: #000000;\">Khoa Dinh d\u01b0\u1ee1ng<\/span><\/li><li><span style=\"color: #000000;\">Khoa Y h\u1ecdc c\u1ed5 truy\u1ec1n<\/span><\/li><li><span style=\"color: #000000;\">Khoa Ti\u00eau h\u00f3a gan m\u1eadt<\/span><\/li><\/ul><p><strong style=\"color: #000000; font-size: 14.4px;\">Khoa C\u1eadn l\u00e2m s\u00e0ng:<\/strong><\/p><ul><li><span style=\"color: #000000;\">Khoa X\u00e9t nghi\u1ec7m<\/span><\/li><li><span style=\"color: #000000;\">Khoa Ch\u1ea9n \u0111o\u00e1n h\u00ecnh \u1ea3nh<\/span><\/li><li><span style=\"color: #000000;\">Khoa D\u01b0\u1ee3c<\/span><\/li><li>Khoa Ki\u1ec3m so\u00e1t nhi\u1ec5m khu\u1ea9n<\/li><\/ul>\t\t\t\t\t\t\t\t<\/div>\n\t\t\t\t<\/div>\n\t\t\t\t\t<\/div>\n\t\t<\/div>\n\t\t\t\t\t<\/div>\n\t\t<\/section>\n\t\t\t\t<\/div>\n\t\t","protected":false},"excerpt":{"rendered":"<p>C\u01a0 C\u00c2\u0301U T\u00d4\u0309 CH\u01af\u0301C Ban Gi\u00e1m \u0111\u1ed1c C\u00e1c H\u1ed9i \u0111\u1ed3ng trong B\u1ec7nh vi\u1ec7n H\u1ed9i \u0111\u1ed3ng Qu\u1ea3n l\u00fd B\u1ec7nh vi\u1ec7n; H\u1ed9i \u0111\u1ed3ng Khoa h\u1ecdc &#8211; C\u00f4ng ngh\u1ec7; H\u1ed9i \u0111\u1ed3ng Thu\u1ed1c v\u00e0 \u0110i\u1ec1u tr\u1ecb; H\u1ed9i \u0111\u1ed3ng Chuy\u00ean m\u00f4n &#8211; K\u1ef9 thu\u1eadt; H\u1ed9i \u0111\u1ed3ng Thi \u0111ua khen th\u01b0\u1edfng, k\u1ef7 lu\u1eadt; H\u1ed9i \u0111\u1ed3ng \u0110i\u1ec1u d\u01b0\u1ee1ng; H\u1ed9i \u0111\u1ed3ng Ki\u1ec3m so\u00e1t[Xem ti\u00ea\u0301p&#8230;]\n","protected":false},"author":1,"featured_media":0,"parent":0,"menu_order":0,"comment_status":"closed","ping_status":"closed","template":"","meta":{"footnotes":""},"class_list":["post-2503","page","type-page","status-publish","hentry"],"yoast_head":"<!-- This site is optimized with the Yoast SEO plugin v27.2 - https:\/\/yoast.com\/product\/yoast-seo-wordpress\/ -->\n<title>C\u01a1 c\u00e2\u0301u t\u00f4\u0309 ch\u01b0\u0301c - B\u00ea\u0323nh vi\u00ea\u0323n Tr\u01b0\u01a1\u0300ng \u0110a\u0323i ho\u0323c Ky\u0303 thu\u00e2\u0323t Y t\u00ea\u0301 Ha\u0309i D\u01b0\u01a1ng<\/title>\n<meta name=\"robots\" content=\"index, follow, max-snippet:-1, max-image-preview:large, max-video-preview:-1\" \/>\n<link rel=\"canonical\" href=\"https:\/\/benhviendaihocyhaiduong.com\/?page_id=2503\" \/>\n<meta property=\"og:locale\" content=\"vi_VN\" \/>\n<meta property=\"og:type\" content=\"article\" \/>\n<meta property=\"og:title\" content=\"C\u01a1 c\u00e2\u0301u t\u00f4\u0309 ch\u01b0\u0301c - B\u00ea\u0323nh vi\u00ea\u0323n Tr\u01b0\u01a1\u0300ng \u0110a\u0323i ho\u0323c Ky\u0303 thu\u00e2\u0323t Y t\u00ea\u0301 Ha\u0309i D\u01b0\u01a1ng\" \/>\n<meta property=\"og:description\" content=\"C\u01a0 C\u00c2\u0301U T\u00d4\u0309 CH\u01af\u0301C Ban Gi\u00e1m \u0111\u1ed1c C\u00e1c H\u1ed9i \u0111\u1ed3ng trong B\u1ec7nh vi\u1ec7n H\u1ed9i \u0111\u1ed3ng Qu\u1ea3n l\u00fd B\u1ec7nh vi\u1ec7n; H\u1ed9i \u0111\u1ed3ng Khoa h\u1ecdc &#8211; C\u00f4ng ngh\u1ec7; H\u1ed9i \u0111\u1ed3ng Thu\u1ed1c v\u00e0 \u0110i\u1ec1u tr\u1ecb; H\u1ed9i \u0111\u1ed3ng Chuy\u00ean m\u00f4n &#8211; K\u1ef9 thu\u1eadt; H\u1ed9i \u0111\u1ed3ng Thi \u0111ua khen th\u01b0\u1edfng, k\u1ef7 lu\u1eadt; H\u1ed9i \u0111\u1ed3ng \u0110i\u1ec1u d\u01b0\u1ee1ng; H\u1ed9i \u0111\u1ed3ng Ki\u1ec3m so\u00e1t[Xem ti\u00ea\u0301p...]\" \/>\n<meta property=\"og:url\" content=\"https:\/\/benhviendaihocyhaiduong.com\/?page_id=2503\" \/>\n<meta property=\"og:site_name\" content=\"B\u00ea\u0323nh vi\u00ea\u0323n Tr\u01b0\u01a1\u0300ng \u0110a\u0323i ho\u0323c Ky\u0303 thu\u00e2\u0323t Y t\u00ea\u0301 Ha\u0309i D\u01b0\u01a1ng\" \/>\n<meta property=\"article:publisher\" content=\"https:\/\/www.facebook.com\/HMTUP\/\" \/>\n<meta property=\"article:modified_time\" content=\"2023-06-22T08:43:08+00:00\" \/>\n<meta name=\"twitter:card\" content=\"summary_large_image\" \/>\n<meta name=\"twitter:label1\" content=\"\u01af\u1edbc t\u00ednh th\u1eddi gian \u0111\u1ecdc\" \/>\n\t<meta name=\"twitter:data1\" content=\"1 ph\u00fat\" \/>\n<script type=\"application\/ld+json\" class=\"yoast-schema-graph\">{\"@context\":\"https:\/\/schema.org\",\"@graph\":[{\"@type\":\"WebPage\",\"@id\":\"https:\/\/benhviendaihocyhaiduong.com\/?page_id=2503\",\"url\":\"https:\/\/benhviendaihocyhaiduong.com\/?page_id=2503\",\"name\":\"C\u01a1 c\u00e2\u0301u t\u00f4\u0309 ch\u01b0\u0301c - B\u00ea\u0323nh vi\u00ea\u0323n Tr\u01b0\u01a1\u0300ng \u0110a\u0323i ho\u0323c Ky\u0303 thu\u00e2\u0323t Y t\u00ea\u0301 Ha\u0309i D\u01b0\u01a1ng\",\"isPartOf\":{\"@id\":\"https:\/\/benhviendaihocyhaiduong.com\/#website\"},\"datePublished\":\"2023-05-25T10:04:48+00:00\",\"dateModified\":\"2023-06-22T08:43:08+00:00\",\"breadcrumb\":{\"@id\":\"https:\/\/benhviendaihocyhaiduong.com\/?page_id=2503#breadcrumb\"},\"inLanguage\":\"vi\",\"potentialAction\":[{\"@type\":\"ReadAction\",\"target\":[\"https:\/\/benhviendaihocyhaiduong.com\/?page_id=2503\"]}]},{\"@type\":\"BreadcrumbList\",\"@id\":\"https:\/\/benhviendaihocyhaiduong.com\/?page_id=2503#breadcrumb\",\"itemListElement\":[{\"@type\":\"ListItem\",\"position\":1,\"name\":\"Trang ch\u1ee7\",\"item\":\"https:\/\/benhviendaihocyhaiduong.com\/\"},{\"@type\":\"ListItem\",\"position\":2,\"name\":\"C\u01a1 c\u00e2\u0301u t\u00f4\u0309 ch\u01b0\u0301c\"}]},{\"@type\":\"WebSite\",\"@id\":\"https:\/\/benhviendaihocyhaiduong.com\/#website\",\"url\":\"https:\/\/benhviendaihocyhaiduong.com\/\",\"name\":\"B\u00ea\u0323nh vi\u00ea\u0323n Tr\u01b0\u01a1\u0300ng \u0110a\u0323i ho\u0323c Ky\u0303 thu\u00e2\u0323t Y t\u00ea\u0301 Ha\u0309i D\u01b0\u01a1ng\",\"description\":\"T\u00e2m \u0111\u01b0\u0301c sa\u0301ng - Ky\u0303 thu\u00e2\u0323t cao, b\u00ea\u0323nh vi\u00ea\u0323n \u0111a\u0323i ho\u0323c y ha\u0309i d\u01b0\u01a1ng\",\"publisher\":{\"@id\":\"https:\/\/benhviendaihocyhaiduong.com\/#organization\"},\"potentialAction\":[{\"@type\":\"SearchAction\",\"target\":{\"@type\":\"EntryPoint\",\"urlTemplate\":\"https:\/\/benhviendaihocyhaiduong.com\/?s={search_term_string}\"},\"query-input\":{\"@type\":\"PropertyValueSpecification\",\"valueRequired\":true,\"valueName\":\"search_term_string\"}}],\"inLanguage\":\"vi\"},{\"@type\":\"Organization\",\"@id\":\"https:\/\/benhviendaihocyhaiduong.com\/#organization\",\"name\":\"B\u00ea\u0323nh vi\u00ea\u0323n Tr\u01b0\u01a1\u0300ng \u0110a\u0323i ho\u0323c Ky\u0303 thu\u00e2\u0323t Y t\u00ea\u0301 Ha\u0309i D\u01b0\u01a1ng\",\"url\":\"https:\/\/benhviendaihocyhaiduong.com\/\",\"logo\":{\"@type\":\"ImageObject\",\"inLanguage\":\"vi\",\"@id\":\"https:\/\/benhviendaihocyhaiduong.com\/#\/schema\/logo\/image\/\",\"url\":\"https:\/\/benhviendaihocyhaiduong.com\/wp-content\/uploads\/2023\/05\/logo-hmtu-1.jpg\",\"contentUrl\":\"https:\/\/benhviendaihocyhaiduong.com\/wp-content\/uploads\/2023\/05\/logo-hmtu-1.jpg\",\"width\":224,\"height\":225,\"caption\":\"B\u00ea\u0323nh vi\u00ea\u0323n Tr\u01b0\u01a1\u0300ng \u0110a\u0323i ho\u0323c Ky\u0303 thu\u00e2\u0323t Y t\u00ea\u0301 Ha\u0309i D\u01b0\u01a1ng\"},\"image\":{\"@id\":\"https:\/\/benhviendaihocyhaiduong.com\/#\/schema\/logo\/image\/\"},\"sameAs\":[\"https:\/\/www.facebook.com\/HMTUP\/\"]}]}<\/script>\n<!-- \/ Yoast SEO plugin. -->","yoast_head_json":{"title":"C\u01a1 c\u00e2\u0301u t\u00f4\u0309 ch\u01b0\u0301c - B\u00ea\u0323nh vi\u00ea\u0323n Tr\u01b0\u01a1\u0300ng \u0110a\u0323i ho\u0323c Ky\u0303 thu\u00e2\u0323t Y t\u00ea\u0301 Ha\u0309i D\u01b0\u01a1ng","robots":{"index":"index","follow":"follow","max-snippet":"max-snippet:-1","max-image-preview":"max-image-preview:large","max-video-preview":"max-video-preview:-1"},"canonical":"https:\/\/benhviendaihocyhaiduong.com\/?page_id=2503","og_locale":"vi_VN","og_type":"article","og_title":"C\u01a1 c\u00e2\u0301u t\u00f4\u0309 ch\u01b0\u0301c - B\u00ea\u0323nh vi\u00ea\u0323n Tr\u01b0\u01a1\u0300ng \u0110a\u0323i ho\u0323c Ky\u0303 thu\u00e2\u0323t Y t\u00ea\u0301 Ha\u0309i D\u01b0\u01a1ng","og_description":"C\u01a0 C\u00c2\u0301U T\u00d4\u0309 CH\u01af\u0301C Ban Gi\u00e1m \u0111\u1ed1c C\u00e1c H\u1ed9i \u0111\u1ed3ng trong B\u1ec7nh vi\u1ec7n H\u1ed9i \u0111\u1ed3ng Qu\u1ea3n l\u00fd B\u1ec7nh vi\u1ec7n; H\u1ed9i \u0111\u1ed3ng Khoa h\u1ecdc &#8211; C\u00f4ng ngh\u1ec7; H\u1ed9i \u0111\u1ed3ng Thu\u1ed1c v\u00e0 \u0110i\u1ec1u tr\u1ecb; H\u1ed9i \u0111\u1ed3ng Chuy\u00ean m\u00f4n &#8211; K\u1ef9 thu\u1eadt; H\u1ed9i \u0111\u1ed3ng Thi \u0111ua khen th\u01b0\u1edfng, k\u1ef7 lu\u1eadt; H\u1ed9i \u0111\u1ed3ng \u0110i\u1ec1u d\u01b0\u1ee1ng; H\u1ed9i \u0111\u1ed3ng Ki\u1ec3m so\u00e1t[Xem ti\u00ea\u0301p...]","og_url":"https:\/\/benhviendaihocyhaiduong.com\/?page_id=2503","og_site_name":"B\u00ea\u0323nh vi\u00ea\u0323n Tr\u01b0\u01a1\u0300ng \u0110a\u0323i ho\u0323c Ky\u0303 thu\u00e2\u0323t Y t\u00ea\u0301 Ha\u0309i D\u01b0\u01a1ng","article_publisher":"https:\/\/www.facebook.com\/HMTUP\/","article_modified_time":"2023-06-22T08:43:08+00:00","twitter_card":"summary_large_image","twitter_misc":{"\u01af\u1edbc t\u00ednh th\u1eddi gian \u0111\u1ecdc":"1 ph\u00fat"},"schema":{"@context":"https:\/\/schema.org","@graph":[{"@type":"WebPage","@id":"https:\/\/benhviendaihocyhaiduong.com\/?page_id=2503","url":"https:\/\/benhviendaihocyhaiduong.com\/?page_id=2503","name":"C\u01a1 c\u00e2\u0301u t\u00f4\u0309 ch\u01b0\u0301c - B\u00ea\u0323nh vi\u00ea\u0323n Tr\u01b0\u01a1\u0300ng \u0110a\u0323i ho\u0323c Ky\u0303 thu\u00e2\u0323t Y t\u00ea\u0301 Ha\u0309i D\u01b0\u01a1ng","isPartOf":{"@id":"https:\/\/benhviendaihocyhaiduong.com\/#website"},"datePublished":"2023-05-25T10:04:48+00:00","dateModified":"2023-06-22T08:43:08+00:00","breadcrumb":{"@id":"https:\/\/benhviendaihocyhaiduong.com\/?page_id=2503#breadcrumb"},"inLanguage":"vi","potentialAction":[{"@type":"ReadAction","target":["https:\/\/benhviendaihocyhaiduong.com\/?page_id=2503"]}]},{"@type":"BreadcrumbList","@id":"https:\/\/benhviendaihocyhaiduong.com\/?page_id=2503#breadcrumb","itemListElement":[{"@type":"ListItem","position":1,"name":"Trang ch\u1ee7","item":"https:\/\/benhviendaihocyhaiduong.com\/"},{"@type":"ListItem","position":2,"name":"C\u01a1 c\u00e2\u0301u t\u00f4\u0309 ch\u01b0\u0301c"}]},{"@type":"WebSite","@id":"https:\/\/benhviendaihocyhaiduong.com\/#website","url":"https:\/\/benhviendaihocyhaiduong.com\/","name":"B\u00ea\u0323nh vi\u00ea\u0323n Tr\u01b0\u01a1\u0300ng \u0110a\u0323i ho\u0323c Ky\u0303 thu\u00e2\u0323t Y t\u00ea\u0301 Ha\u0309i D\u01b0\u01a1ng","description":"T\u00e2m \u0111\u01b0\u0301c sa\u0301ng - Ky\u0303 thu\u00e2\u0323t cao, b\u00ea\u0323nh vi\u00ea\u0323n \u0111a\u0323i ho\u0323c y ha\u0309i d\u01b0\u01a1ng","publisher":{"@id":"https:\/\/benhviendaihocyhaiduong.com\/#organization"},"potentialAction":[{"@type":"SearchAction","target":{"@type":"EntryPoint","urlTemplate":"https:\/\/benhviendaihocyhaiduong.com\/?s={search_term_string}"},"query-input":{"@type":"PropertyValueSpecification","valueRequired":true,"valueName":"search_term_string"}}],"inLanguage":"vi"},{"@type":"Organization","@id":"https:\/\/benhviendaihocyhaiduong.com\/#organization","name":"B\u00ea\u0323nh vi\u00ea\u0323n Tr\u01b0\u01a1\u0300ng \u0110a\u0323i ho\u0323c Ky\u0303 thu\u00e2\u0323t Y t\u00ea\u0301 Ha\u0309i D\u01b0\u01a1ng","url":"https:\/\/benhviendaihocyhaiduong.com\/","logo":{"@type":"ImageObject","inLanguage":"vi","@id":"https:\/\/benhviendaihocyhaiduong.com\/#\/schema\/logo\/image\/","url":"https:\/\/benhviendaihocyhaiduong.com\/wp-content\/uploads\/2023\/05\/logo-hmtu-1.jpg","contentUrl":"https:\/\/benhviendaihocyhaiduong.com\/wp-content\/uploads\/2023\/05\/logo-hmtu-1.jpg","width":224,"height":225,"caption":"B\u00ea\u0323nh vi\u00ea\u0323n Tr\u01b0\u01a1\u0300ng \u0110a\u0323i ho\u0323c Ky\u0303 thu\u00e2\u0323t Y t\u00ea\u0301 Ha\u0309i D\u01b0\u01a1ng"},"image":{"@id":"https:\/\/benhviendaihocyhaiduong.com\/#\/schema\/logo\/image\/"},"sameAs":["https:\/\/www.facebook.com\/HMTUP\/"]}]}},"_links":{"self":[{"href":"https:\/\/benhviendaihocyhaiduong.com\/index.php?rest_route=\/wp\/v2\/pages\/2503","targetHints":{"allow":["GET"]}}],"collection":[{"href":"https:\/\/benhviendaihocyhaiduong.com\/index.php?rest_route=\/wp\/v2\/pages"}],"about":[{"href":"https:\/\/benhviendaihocyhaiduong.com\/index.php?rest_route=\/wp\/v2\/types\/page"}],"author":[{"embeddable":true,"href":"https:\/\/benhviendaihocyhaiduong.com\/index.php?rest_route=\/wp\/v2\/users\/1"}],"replies":[{"embeddable":true,"href":"https:\/\/benhviendaihocyhaiduong.com\/index.php?rest_route=%2Fwp%2Fv2%2Fcomments&post=2503"}],"version-history":[{"count":7,"href":"https:\/\/benhviendaihocyhaiduong.com\/index.php?rest_route=\/wp\/v2\/pages\/2503\/revisions"}],"predecessor-version":[{"id":5248,"href":"https:\/\/benhviendaihocyhaiduong.com\/index.php?rest_route=\/wp\/v2\/pages\/2503\/revisions\/5248"}],"wp:attachment":[{"href":"https:\/\/benhviendaihocyhaiduong.com\/index.php?rest_route=%2Fwp%2Fv2%2Fmedia&parent=2503"}],"curies":[{"name":"wp","href":"https:\/\/api.w.org\/{rel}","templated":true}]}}