{"id":2547,"date":"2023-05-25T10:19:55","date_gmt":"2023-05-25T10:19:55","guid":{"rendered":"https:\/\/luulyshop.com\/?page_id=2547"},"modified":"2025-01-09T21:52:33","modified_gmt":"2025-01-09T14:52:33","slug":"kham-theo-yeu-cau","status":"publish","type":"page","link":"https:\/\/benhviendaihocyhaiduong.com\/?page_id=2547","title":{"rendered":"Kha\u0301m theo y\u00eau c\u00e2\u0300u"},"content":{"rendered":"\t\t<div data-elementor-type=\"wp-page\" data-elementor-id=\"2547\" class=\"elementor elementor-2547\" data-elementor-post-type=\"page\">\n\t\t\t\t\t\t<section data-particle_enable=\"false\" data-particle-mobile-disabled=\"false\" class=\"elementor-section elementor-top-section elementor-element elementor-element-e88e999 elementor-section-boxed elementor-section-height-default elementor-section-height-default\" data-id=\"e88e999\" data-element_type=\"section\" data-e-type=\"section\">\n\t\t\t\t\t\t<div class=\"elementor-container elementor-column-gap-no\">\n\t\t\t\t\t<div class=\"elementor-column elementor-col-100 elementor-top-column elementor-element elementor-element-69b37ac\" data-id=\"69b37ac\" data-element_type=\"column\" data-e-type=\"column\">\n\t\t\t<div class=\"elementor-widget-wrap elementor-element-populated\">\n\t\t\t\t\t\t<div class=\"elementor-element elementor-element-7298bab elementor-widget-divider--view-line_text elementor-widget-divider--element-align-center elementor-widget elementor-widget-divider\" data-id=\"7298bab\" data-element_type=\"widget\" data-e-type=\"widget\" data-widget_type=\"divider.default\">\n\t\t\t\t<div class=\"elementor-widget-container\">\n\t\t\t\t\t\t\t<div class=\"elementor-divider\">\n\t\t\t<span class=\"elementor-divider-separator\">\n\t\t\t\t\t\t\t<span class=\"elementor-divider__text elementor-divider__element\">\n\t\t\t\tDI\u0323CH VU\u0323 KHA\u0301M B\u00ca\u0323NH THEO Y\u00caU C\u00c2\u0300U\t\t\t\t<\/span>\n\t\t\t\t\t\t<\/span>\n\t\t<\/div>\n\t\t\t\t\t\t<\/div>\n\t\t\t\t<\/div>\n\t\t\t\t\t<\/div>\n\t\t<\/div>\n\t\t\t\t\t<\/div>\n\t\t<\/section>\n\t\t\t\t<section data-particle_enable=\"false\" data-particle-mobile-disabled=\"false\" class=\"elementor-section elementor-top-section elementor-element elementor-element-9032798 elementor-section-boxed elementor-section-height-default elementor-section-height-default\" data-id=\"9032798\" data-element_type=\"section\" data-e-type=\"section\">\n\t\t\t\t\t\t<div class=\"elementor-container elementor-column-gap-custom\">\n\t\t\t\t\t<div class=\"elementor-column elementor-col-100 elementor-top-column elementor-element elementor-element-f5f67a8\" data-id=\"f5f67a8\" data-element_type=\"column\" data-e-type=\"column\">\n\t\t\t<div class=\"elementor-widget-wrap elementor-element-populated\">\n\t\t\t\t\t\t<div class=\"elementor-element elementor-element-f177292 elementor-widget elementor-widget-text-editor\" data-id=\"f177292\" data-element_type=\"widget\" data-e-type=\"widget\" data-widget_type=\"text-editor.default\">\n\t\t\t\t<div class=\"elementor-widget-container\">\n\t\t\t\t\t\t\t\t\t<ol style=\"text-align: justify;\"><li><span style=\"font-size: 100%; color: #000000; font-family: tahoma, arial, helvetica, sans-serif;\">B\u00ea\u0323nh nh\u00e2n l\u00e2\u0301y s\u00f4\u0301 th\u01b0\u0301 t\u01b0\u0323 \u0111\u0103ng ky\u0301 ta\u0323i c\u01b0\u0309a (t\u00e2\u0300ng 1), \u0111\u01a1\u0323i \u0111\u00ea\u0301n l\u01b0\u01a1\u0323t go\u0323i<\/span><\/li><li><span style=\"font-size: 100%; color: #000000; font-family: tahoma, arial, helvetica, sans-serif;\">Khi \u0111\u01b0\u01a1\u0323c go\u0323i, b\u00ea\u0323nh nh\u00e2n \u0111\u01b0\u01a1\u0323c \u0111\u0103ng ky\u0301 ta\u0323i qu\u00e2\u0300y ti\u00ea\u0301p \u0111o\u0301n \u0111\u00ea\u0301n t\u01b0\u0300ng chuy\u00ean khoa ke\u0300m theo s\u00f4\u0301 th\u01b0\u0301 t\u01b0\u0323 cu\u0309a khoa \u0111o\u0301.<\/span><\/li><li><span style=\"font-size: 100%; color: #000000; font-family: tahoma, arial, helvetica, sans-serif;\">B\u00ea\u0323nh nh\u00e2n \u0111i \u0111\u00ea\u0301n khoa kha\u0301m b\u00ea\u0323nh \u0111a\u0303 \u0111\u01b0\u01a1\u0323c \u0111\u0103ng ky\u0301, b\u00ea\u0323nh nh\u00e2n ng\u00f4\u0300i \u0111\u01a1\u0323i \u0111\u00ea\u0301n l\u01b0\u01a1\u0323t go\u0323i va\u0300o kha\u0301m<\/span><\/li><li><span style=\"font-size: 100%; color: #000000; font-family: tahoma, arial, helvetica, sans-serif;\">Khi ba\u0301c si\u0303 go\u0323i va\u0300o kha\u0301m: Ba\u0301c si\u0303 th\u0103m kha\u0301m \u00e0 chi\u0309 \u0111i\u0323nh ca\u0301c y\u00eau c\u00e2\u0300u c\u00e2\u0323n l\u00e2m sa\u0300ng nh\u01b0 xe\u0301t nghi\u00ea\u0323m, si\u00eau \u00e2m, X-Quang, \u0111i\u00ea\u0323n tim \u2026<\/span><\/li><li><span style=\"font-size: 100%; color: #000000; font-family: tahoma, arial, helvetica, sans-serif;\">B\u00ea\u0323nh nh\u00e2n \u0111i \u0111o\u0301ng ti\u00ea\u0300n ta\u0323i pho\u0300ng 202 ho\u0103\u0323c d\u01b0\u01a1\u0301i qu\u00e2\u0300y ti\u00ea\u0301p \u0111o\u0301n<\/span><\/li><li><span style=\"font-size: 100%; color: #000000; font-family: tahoma, arial, helvetica, sans-serif;\">B\u00ea\u0323nh nh\u00e2n \u0111i \u0111\u00ea\u0301n ca\u0301c pho\u0300ng \u0111a\u0303 in tr\u00ean phi\u00ea\u0301u chi\u0309 \u0111i\u0323nh \u0111\u00ea\u0309 l\u00e2\u0301y m\u00e2\u0303u xe\u0301t nghi\u00ea\u0323m, si\u00eau \u00e2m, \u0111i\u00ea\u0323n tim \u2026<\/span><\/li><li><span style=\"font-size: 100%; color: #000000; font-family: tahoma, arial, helvetica, sans-serif;\">Th\u01b0\u0323c hi\u00ea\u0323n ca\u0301c chi\u0309 \u0111i\u0323nh tr\u00ean, b\u00ea\u0323nh nh\u00e2n ch\u01a1\u0300 l\u00e2\u0301y k\u00ea\u0301t qua\u0309 sau \u0111o\u0301 c\u00e2\u0300m k\u00ea\u0301t qua\u0309 quay v\u00ea\u0300 pho\u0300ng kha\u0301m ba\u0301c si\u0303 ban \u0111\u00e2\u0300u<\/span><\/li><li><span style=\"font-size: 100%; color: #000000; font-family: tahoma, arial, helvetica, sans-serif;\">Ba\u0301c si\u0303 ch\u00e2\u0309n \u0111oa\u0301n b\u00ea\u0323nh:<\/span><\/li><\/ol><ul style=\"list-style-type: square;\"><li style=\"text-align: justify;\"><span style=\"font-size: 100%; color: #000000; font-family: tahoma, arial, helvetica, sans-serif;\">N\u00ea\u0301u kh\u00f4ng pha\u0309i nh\u00e2\u0323p vi\u00ea\u0323n se\u0303 \u0111\u01b0\u01a1\u0323c c\u00e2\u0301p \u0111\u01a1n thu\u00f4\u0301c \u0111i\u00ea\u0300u tri\u0323<\/span><\/li><li style=\"text-align: justify;\"><span style=\"font-size: 100%; color: #000000; font-family: tahoma, arial, helvetica, sans-serif;\">N\u00ea\u0301u pha\u0309i nh\u00e2\u0323p vi\u00ea\u0323n ba\u0301c si\u0303 se\u0303 h\u01b0\u01a1\u0301ng d\u00e2\u0303n ca\u0301c thu\u0309 tu\u0323c nh\u00e2\u0323p vi\u00ea\u0323n<\/span><\/li><\/ul><ol start=\"9\"><li style=\"text-align: justify;\"><span style=\"font-size: 100%; color: #000000; font-family: tahoma, arial, helvetica, sans-serif;\">Ba\u0301c si\u0303 k\u00ea\u0301t thu\u0301c qua\u0301 tri\u0300nh kha\u0301m va\u0300 d\u0103\u0323n do\u0300 b\u00ea\u0323nh nh\u00e2n<\/span><\/li><\/ol>\t\t\t\t\t\t\t\t<\/div>\n\t\t\t\t<\/div>\n\t\t\t\t<div class=\"elementor-element elementor-element-06a94bd elementor-widget elementor-widget-text-editor\" data-id=\"06a94bd\" data-element_type=\"widget\" data-e-type=\"widget\" data-widget_type=\"text-editor.default\">\n\t\t\t\t<div class=\"elementor-widget-container\">\n\t\t\t\t\t\t\t\t\t<p><span style=\"font-size: 100%; color: #000000; font-family: tahoma, arial, helvetica, sans-serif;\">L\u01b0u y\u0301 khi ba\u0309o hi\u00ea\u0309n y t\u00ea\u0301 cu\u0309a b\u00ea\u0323nh nh\u00e2n kh\u00f4ng \u0111\u0103ng ky\u0301 ta\u0323i b\u00ea\u0323nh vi\u00ea\u0323n tr\u01b0\u01a1\u0300ng:<\/span><\/p><ul><li><span style=\"font-size: 100%; color: #000000; font-family: tahoma, arial, helvetica, sans-serif;\">Khi kha\u0301m ngoa\u0323i tru\u0301 b\u00ea\u0323nh nh\u00e2n kh\u00f4ng \u0111\u01b0\u01a1\u0323c h\u01b0\u01a1\u0309ng ch\u00ea\u0301 \u0111\u00f4\u0323 ba\u0309o hi\u00ea\u0309m\u0301 y t\u00ea\u0301<\/span><\/li><li><span style=\"font-size: 100%; color: #000000; font-family: tahoma, arial, helvetica, sans-serif;\">N\u00ea\u0301u b\u00ea\u0323nh nh\u00e2n pha\u0309i nh\u00e2\u0323p vi\u00ea\u0323n \u0111i\u00ea\u0300u tri\u0323 n\u00f4\u0323i tru\u0301 thi\u0300 \u0111\u01b0\u01a1\u0323c h\u01b0\u01a1\u0309ng 60% x s\u00f4\u0301 % the\u0309 \u0111\u01b0\u01a1\u0323c h\u01b0\u01a1\u0309ng (vi\u0301 du\u0323 the\u0309 \u0111\u01b0\u01a1\u0323c h\u01b0\u01a1\u0309ng 80% khi n\u0103\u0300m vi\u00ea\u0323n \u0111\u01b0\u01a1\u0323c h\u01b0\u01a1\u0309ng 60% x 80% = 48%<\/span><\/li><\/ul>\t\t\t\t\t\t\t\t<\/div>\n\t\t\t\t<\/div>\n\t\t\t\t\t<\/div>\n\t\t<\/div>\n\t\t\t\t\t<\/div>\n\t\t<\/section>\n\t\t\t\t<\/div>\n\t\t","protected":false},"excerpt":{"rendered":"<p>DI\u0323CH VU\u0323 KHA\u0301M B\u00ca\u0323NH THEO Y\u00caU C\u00c2\u0300U B\u00ea\u0323nh nh\u00e2n l\u00e2\u0301y s\u00f4\u0301 th\u01b0\u0301 t\u01b0\u0323 \u0111\u0103ng ky\u0301 ta\u0323i c\u01b0\u0309a (t\u00e2\u0300ng 1), \u0111\u01a1\u0323i \u0111\u00ea\u0301n l\u01b0\u01a1\u0323t go\u0323i Khi \u0111\u01b0\u01a1\u0323c go\u0323i, b\u00ea\u0323nh nh\u00e2n \u0111\u01b0\u01a1\u0323c \u0111\u0103ng ky\u0301 ta\u0323i qu\u00e2\u0300y ti\u00ea\u0301p \u0111o\u0301n \u0111\u00ea\u0301n t\u01b0\u0300ng chuy\u00ean khoa ke\u0300m theo s\u00f4\u0301 th\u01b0\u0301 t\u01b0\u0323 cu\u0309a khoa \u0111o\u0301. B\u00ea\u0323nh nh\u00e2n \u0111i \u0111\u00ea\u0301n khoa kha\u0301m b\u00ea\u0323nh \u0111a\u0303[Xem ti\u00ea\u0301p&#8230;]\n","protected":false},"author":1,"featured_media":0,"parent":0,"menu_order":0,"comment_status":"closed","ping_status":"closed","template":"","meta":{"footnotes":""},"class_list":["post-2547","page","type-page","status-publish","hentry"],"yoast_head":"<!-- This site is optimized with the Yoast SEO plugin v27.2 - https:\/\/yoast.com\/product\/yoast-seo-wordpress\/ -->\n<title>Kha\u0301m theo y\u00eau c\u00e2\u0300u - B\u00ea\u0323nh vi\u00ea\u0323n Tr\u01b0\u01a1\u0300ng \u0110a\u0323i ho\u0323c Ky\u0303 thu\u00e2\u0323t Y t\u00ea\u0301 Ha\u0309i D\u01b0\u01a1ng<\/title>\n<meta name=\"robots\" content=\"index, follow, max-snippet:-1, max-image-preview:large, max-video-preview:-1\" \/>\n<link rel=\"canonical\" href=\"https:\/\/benhviendaihocyhaiduong.com\/?page_id=2547\" \/>\n<meta property=\"og:locale\" content=\"vi_VN\" \/>\n<meta property=\"og:type\" content=\"article\" \/>\n<meta property=\"og:title\" content=\"Kha\u0301m theo y\u00eau c\u00e2\u0300u - B\u00ea\u0323nh vi\u00ea\u0323n Tr\u01b0\u01a1\u0300ng \u0110a\u0323i ho\u0323c Ky\u0303 thu\u00e2\u0323t Y t\u00ea\u0301 Ha\u0309i D\u01b0\u01a1ng\" \/>\n<meta property=\"og:description\" content=\"DI\u0323CH VU\u0323 KHA\u0301M B\u00ca\u0323NH THEO Y\u00caU C\u00c2\u0300U B\u00ea\u0323nh nh\u00e2n l\u00e2\u0301y s\u00f4\u0301 th\u01b0\u0301 t\u01b0\u0323 \u0111\u0103ng ky\u0301 ta\u0323i c\u01b0\u0309a (t\u00e2\u0300ng 1), \u0111\u01a1\u0323i \u0111\u00ea\u0301n l\u01b0\u01a1\u0323t go\u0323i Khi \u0111\u01b0\u01a1\u0323c go\u0323i, b\u00ea\u0323nh nh\u00e2n \u0111\u01b0\u01a1\u0323c \u0111\u0103ng ky\u0301 ta\u0323i qu\u00e2\u0300y ti\u00ea\u0301p \u0111o\u0301n \u0111\u00ea\u0301n t\u01b0\u0300ng chuy\u00ean khoa ke\u0300m theo s\u00f4\u0301 th\u01b0\u0301 t\u01b0\u0323 cu\u0309a khoa \u0111o\u0301. B\u00ea\u0323nh nh\u00e2n \u0111i \u0111\u00ea\u0301n khoa kha\u0301m b\u00ea\u0323nh \u0111a\u0303[Xem ti\u00ea\u0301p...]\" \/>\n<meta property=\"og:url\" content=\"https:\/\/benhviendaihocyhaiduong.com\/?page_id=2547\" \/>\n<meta property=\"og:site_name\" content=\"B\u00ea\u0323nh vi\u00ea\u0323n Tr\u01b0\u01a1\u0300ng \u0110a\u0323i ho\u0323c Ky\u0303 thu\u00e2\u0323t Y t\u00ea\u0301 Ha\u0309i D\u01b0\u01a1ng\" \/>\n<meta property=\"article:publisher\" content=\"https:\/\/www.facebook.com\/HMTUP\/\" \/>\n<meta property=\"article:modified_time\" content=\"2025-01-09T14:52:33+00:00\" \/>\n<meta name=\"twitter:card\" content=\"summary_large_image\" \/>\n<meta name=\"twitter:label1\" content=\"\u01af\u1edbc t\u00ednh th\u1eddi gian \u0111\u1ecdc\" \/>\n\t<meta name=\"twitter:data1\" content=\"2 ph\u00fat\" \/>\n<script type=\"application\/ld+json\" class=\"yoast-schema-graph\">{\"@context\":\"https:\/\/schema.org\",\"@graph\":[{\"@type\":\"WebPage\",\"@id\":\"https:\/\/benhviendaihocyhaiduong.com\/?page_id=2547\",\"url\":\"https:\/\/benhviendaihocyhaiduong.com\/?page_id=2547\",\"name\":\"Kha\u0301m theo y\u00eau c\u00e2\u0300u - B\u00ea\u0323nh vi\u00ea\u0323n Tr\u01b0\u01a1\u0300ng \u0110a\u0323i ho\u0323c Ky\u0303 thu\u00e2\u0323t Y t\u00ea\u0301 Ha\u0309i D\u01b0\u01a1ng\",\"isPartOf\":{\"@id\":\"https:\/\/benhviendaihocyhaiduong.com\/#website\"},\"datePublished\":\"2023-05-25T10:19:55+00:00\",\"dateModified\":\"2025-01-09T14:52:33+00:00\",\"breadcrumb\":{\"@id\":\"https:\/\/benhviendaihocyhaiduong.com\/?page_id=2547#breadcrumb\"},\"inLanguage\":\"vi\",\"potentialAction\":[{\"@type\":\"ReadAction\",\"target\":[\"https:\/\/benhviendaihocyhaiduong.com\/?page_id=2547\"]}]},{\"@type\":\"BreadcrumbList\",\"@id\":\"https:\/\/benhviendaihocyhaiduong.com\/?page_id=2547#breadcrumb\",\"itemListElement\":[{\"@type\":\"ListItem\",\"position\":1,\"name\":\"Trang ch\u1ee7\",\"item\":\"https:\/\/benhviendaihocyhaiduong.com\/\"},{\"@type\":\"ListItem\",\"position\":2,\"name\":\"Kha\u0301m theo y\u00eau c\u00e2\u0300u\"}]},{\"@type\":\"WebSite\",\"@id\":\"https:\/\/benhviendaihocyhaiduong.com\/#website\",\"url\":\"https:\/\/benhviendaihocyhaiduong.com\/\",\"name\":\"B\u00ea\u0323nh vi\u00ea\u0323n Tr\u01b0\u01a1\u0300ng \u0110a\u0323i ho\u0323c Ky\u0303 thu\u00e2\u0323t Y t\u00ea\u0301 Ha\u0309i D\u01b0\u01a1ng\",\"description\":\"T\u00e2m \u0111\u01b0\u0301c sa\u0301ng - Ky\u0303 thu\u00e2\u0323t cao, b\u00ea\u0323nh vi\u00ea\u0323n \u0111a\u0323i ho\u0323c y ha\u0309i d\u01b0\u01a1ng\",\"publisher\":{\"@id\":\"https:\/\/benhviendaihocyhaiduong.com\/#organization\"},\"potentialAction\":[{\"@type\":\"SearchAction\",\"target\":{\"@type\":\"EntryPoint\",\"urlTemplate\":\"https:\/\/benhviendaihocyhaiduong.com\/?s={search_term_string}\"},\"query-input\":{\"@type\":\"PropertyValueSpecification\",\"valueRequired\":true,\"valueName\":\"search_term_string\"}}],\"inLanguage\":\"vi\"},{\"@type\":\"Organization\",\"@id\":\"https:\/\/benhviendaihocyhaiduong.com\/#organization\",\"name\":\"B\u00ea\u0323nh vi\u00ea\u0323n Tr\u01b0\u01a1\u0300ng \u0110a\u0323i ho\u0323c Ky\u0303 thu\u00e2\u0323t Y t\u00ea\u0301 Ha\u0309i D\u01b0\u01a1ng\",\"url\":\"https:\/\/benhviendaihocyhaiduong.com\/\",\"logo\":{\"@type\":\"ImageObject\",\"inLanguage\":\"vi\",\"@id\":\"https:\/\/benhviendaihocyhaiduong.com\/#\/schema\/logo\/image\/\",\"url\":\"https:\/\/benhviendaihocyhaiduong.com\/wp-content\/uploads\/2023\/05\/logo-hmtu-1.jpg\",\"contentUrl\":\"https:\/\/benhviendaihocyhaiduong.com\/wp-content\/uploads\/2023\/05\/logo-hmtu-1.jpg\",\"width\":224,\"height\":225,\"caption\":\"B\u00ea\u0323nh vi\u00ea\u0323n Tr\u01b0\u01a1\u0300ng \u0110a\u0323i ho\u0323c Ky\u0303 thu\u00e2\u0323t Y t\u00ea\u0301 Ha\u0309i D\u01b0\u01a1ng\"},\"image\":{\"@id\":\"https:\/\/benhviendaihocyhaiduong.com\/#\/schema\/logo\/image\/\"},\"sameAs\":[\"https:\/\/www.facebook.com\/HMTUP\/\"]}]}<\/script>\n<!-- \/ Yoast SEO plugin. -->","yoast_head_json":{"title":"Kha\u0301m theo y\u00eau c\u00e2\u0300u - B\u00ea\u0323nh vi\u00ea\u0323n Tr\u01b0\u01a1\u0300ng \u0110a\u0323i ho\u0323c Ky\u0303 thu\u00e2\u0323t Y t\u00ea\u0301 Ha\u0309i D\u01b0\u01a1ng","robots":{"index":"index","follow":"follow","max-snippet":"max-snippet:-1","max-image-preview":"max-image-preview:large","max-video-preview":"max-video-preview:-1"},"canonical":"https:\/\/benhviendaihocyhaiduong.com\/?page_id=2547","og_locale":"vi_VN","og_type":"article","og_title":"Kha\u0301m theo y\u00eau c\u00e2\u0300u - B\u00ea\u0323nh vi\u00ea\u0323n Tr\u01b0\u01a1\u0300ng \u0110a\u0323i ho\u0323c Ky\u0303 thu\u00e2\u0323t Y t\u00ea\u0301 Ha\u0309i D\u01b0\u01a1ng","og_description":"DI\u0323CH VU\u0323 KHA\u0301M B\u00ca\u0323NH THEO Y\u00caU C\u00c2\u0300U B\u00ea\u0323nh nh\u00e2n l\u00e2\u0301y s\u00f4\u0301 th\u01b0\u0301 t\u01b0\u0323 \u0111\u0103ng ky\u0301 ta\u0323i c\u01b0\u0309a (t\u00e2\u0300ng 1), \u0111\u01a1\u0323i \u0111\u00ea\u0301n l\u01b0\u01a1\u0323t go\u0323i Khi \u0111\u01b0\u01a1\u0323c go\u0323i, b\u00ea\u0323nh nh\u00e2n \u0111\u01b0\u01a1\u0323c \u0111\u0103ng ky\u0301 ta\u0323i qu\u00e2\u0300y ti\u00ea\u0301p \u0111o\u0301n \u0111\u00ea\u0301n t\u01b0\u0300ng chuy\u00ean khoa ke\u0300m theo s\u00f4\u0301 th\u01b0\u0301 t\u01b0\u0323 cu\u0309a khoa \u0111o\u0301. B\u00ea\u0323nh nh\u00e2n \u0111i \u0111\u00ea\u0301n khoa kha\u0301m b\u00ea\u0323nh \u0111a\u0303[Xem ti\u00ea\u0301p...]","og_url":"https:\/\/benhviendaihocyhaiduong.com\/?page_id=2547","og_site_name":"B\u00ea\u0323nh vi\u00ea\u0323n Tr\u01b0\u01a1\u0300ng \u0110a\u0323i ho\u0323c Ky\u0303 thu\u00e2\u0323t Y t\u00ea\u0301 Ha\u0309i D\u01b0\u01a1ng","article_publisher":"https:\/\/www.facebook.com\/HMTUP\/","article_modified_time":"2025-01-09T14:52:33+00:00","twitter_card":"summary_large_image","twitter_misc":{"\u01af\u1edbc t\u00ednh th\u1eddi gian \u0111\u1ecdc":"2 ph\u00fat"},"schema":{"@context":"https:\/\/schema.org","@graph":[{"@type":"WebPage","@id":"https:\/\/benhviendaihocyhaiduong.com\/?page_id=2547","url":"https:\/\/benhviendaihocyhaiduong.com\/?page_id=2547","name":"Kha\u0301m theo y\u00eau c\u00e2\u0300u - B\u00ea\u0323nh vi\u00ea\u0323n Tr\u01b0\u01a1\u0300ng \u0110a\u0323i ho\u0323c Ky\u0303 thu\u00e2\u0323t Y t\u00ea\u0301 Ha\u0309i D\u01b0\u01a1ng","isPartOf":{"@id":"https:\/\/benhviendaihocyhaiduong.com\/#website"},"datePublished":"2023-05-25T10:19:55+00:00","dateModified":"2025-01-09T14:52:33+00:00","breadcrumb":{"@id":"https:\/\/benhviendaihocyhaiduong.com\/?page_id=2547#breadcrumb"},"inLanguage":"vi","potentialAction":[{"@type":"ReadAction","target":["https:\/\/benhviendaihocyhaiduong.com\/?page_id=2547"]}]},{"@type":"BreadcrumbList","@id":"https:\/\/benhviendaihocyhaiduong.com\/?page_id=2547#breadcrumb","itemListElement":[{"@type":"ListItem","position":1,"name":"Trang ch\u1ee7","item":"https:\/\/benhviendaihocyhaiduong.com\/"},{"@type":"ListItem","position":2,"name":"Kha\u0301m theo y\u00eau c\u00e2\u0300u"}]},{"@type":"WebSite","@id":"https:\/\/benhviendaihocyhaiduong.com\/#website","url":"https:\/\/benhviendaihocyhaiduong.com\/","name":"B\u00ea\u0323nh vi\u00ea\u0323n Tr\u01b0\u01a1\u0300ng \u0110a\u0323i ho\u0323c Ky\u0303 thu\u00e2\u0323t Y t\u00ea\u0301 Ha\u0309i D\u01b0\u01a1ng","description":"T\u00e2m \u0111\u01b0\u0301c sa\u0301ng - Ky\u0303 thu\u00e2\u0323t cao, b\u00ea\u0323nh vi\u00ea\u0323n \u0111a\u0323i ho\u0323c y ha\u0309i d\u01b0\u01a1ng","publisher":{"@id":"https:\/\/benhviendaihocyhaiduong.com\/#organization"},"potentialAction":[{"@type":"SearchAction","target":{"@type":"EntryPoint","urlTemplate":"https:\/\/benhviendaihocyhaiduong.com\/?s={search_term_string}"},"query-input":{"@type":"PropertyValueSpecification","valueRequired":true,"valueName":"search_term_string"}}],"inLanguage":"vi"},{"@type":"Organization","@id":"https:\/\/benhviendaihocyhaiduong.com\/#organization","name":"B\u00ea\u0323nh vi\u00ea\u0323n Tr\u01b0\u01a1\u0300ng \u0110a\u0323i ho\u0323c Ky\u0303 thu\u00e2\u0323t Y t\u00ea\u0301 Ha\u0309i D\u01b0\u01a1ng","url":"https:\/\/benhviendaihocyhaiduong.com\/","logo":{"@type":"ImageObject","inLanguage":"vi","@id":"https:\/\/benhviendaihocyhaiduong.com\/#\/schema\/logo\/image\/","url":"https:\/\/benhviendaihocyhaiduong.com\/wp-content\/uploads\/2023\/05\/logo-hmtu-1.jpg","contentUrl":"https:\/\/benhviendaihocyhaiduong.com\/wp-content\/uploads\/2023\/05\/logo-hmtu-1.jpg","width":224,"height":225,"caption":"B\u00ea\u0323nh vi\u00ea\u0323n Tr\u01b0\u01a1\u0300ng \u0110a\u0323i ho\u0323c Ky\u0303 thu\u00e2\u0323t Y t\u00ea\u0301 Ha\u0309i D\u01b0\u01a1ng"},"image":{"@id":"https:\/\/benhviendaihocyhaiduong.com\/#\/schema\/logo\/image\/"},"sameAs":["https:\/\/www.facebook.com\/HMTUP\/"]}]}},"_links":{"self":[{"href":"https:\/\/benhviendaihocyhaiduong.com\/index.php?rest_route=\/wp\/v2\/pages\/2547","targetHints":{"allow":["GET"]}}],"collection":[{"href":"https:\/\/benhviendaihocyhaiduong.com\/index.php?rest_route=\/wp\/v2\/pages"}],"about":[{"href":"https:\/\/benhviendaihocyhaiduong.com\/index.php?rest_route=\/wp\/v2\/types\/page"}],"author":[{"embeddable":true,"href":"https:\/\/benhviendaihocyhaiduong.com\/index.php?rest_route=\/wp\/v2\/users\/1"}],"replies":[{"embeddable":true,"href":"https:\/\/benhviendaihocyhaiduong.com\/index.php?rest_route=%2Fwp%2Fv2%2Fcomments&post=2547"}],"version-history":[{"count":19,"href":"https:\/\/benhviendaihocyhaiduong.com\/index.php?rest_route=\/wp\/v2\/pages\/2547\/revisions"}],"predecessor-version":[{"id":14525,"href":"https:\/\/benhviendaihocyhaiduong.com\/index.php?rest_route=\/wp\/v2\/pages\/2547\/revisions\/14525"}],"wp:attachment":[{"href":"https:\/\/benhviendaihocyhaiduong.com\/index.php?rest_route=%2Fwp%2Fv2%2Fmedia&parent=2547"}],"curies":[{"name":"wp","href":"https:\/\/api.w.org\/{rel}","templated":true}]}}